17
What is the greatest common divisor of 325 and 3510?
65
Calculate the greatest common factor of 133 and 1615.
19
What is the greatest common factor of 180 and 1170?
90
Calculate the highest common factor of 1071 and 833.
119
What is the highest common factor of 575 and 25?
25
What is the greatest common divisor of 29 and 2929?
29
What is the highest common divisor of 9 and 1815?
3
Calculate the highest common divisor of 102 and 459.
51
Calculate the highest common divisor of 3402 and 154.
14
What is the greatest common factor of 41689 and 94?
47
What is the highest common divisor of 371 and 35?
7
What is the greatest common divisor of 725 and 800?
25
What is the highest common factor of 18 and 3942?
18
What is the highest common factor of 513 and 38?
19
Calculate the highest common divisor of 405 and 345.
15
What is the highest common factor of 3713 and 79?
79
Calculate the greatest common divisor of 80 and 18.
2
Calculate the greatest common divisor of 924 and 252.
84
Calculate the highest common divisor of 2191 and 63.
7
Calculate the greatest common factor of 79 and 10.
1
What is the highest common factor of 162 and 288?
18
What is the greatest common divisor of 48 and 1338?
6
Calculate the greatest common divisor of 2948 and 22.
22
What is the greatest common divisor of 19 and 1349?
19
What is the highest common factor of 73 and 8249?
73
Calculate the highest common factor of 96 and 786.
6
What is the greatest common factor of 1200 and 144?
48
What is the greatest common divisor of 200 and 16?
8
Calculate the highest common factor of 72 and 1620.
36
What is the greatest common divisor of 500 and 2375?
125
Calculate the greatest common divisor of 144 and 186.
6
What is the highest common factor of 140 and 780?
20
Calculate the highest common factor of 2013 and 33.
33
Calculate the greatest common divisor of 7 and 301.
7
Calculate the greatest common divisor of 53400 and 8.
8
What is the greatest common factor of 10 and 40?
10
Calculate the highest common divisor of 1490 and 25.
5
Calculate the highest common factor of 16515 and 315.
45
What is the greatest common factor of 24 and 280?
8
What is the highest common divisor of 630 and 135?
45
What is the greatest common divisor of 346 and 12?
2
What is the highest common divisor of 58 and 87?
29
What is the highest common divisor of 9684 and 54?
18
What is the highest common divisor of 132 and 12?
12
Calculate the highest common factor of 3971 and 19.
19
What is the highest common factor of 1152 and 256?
128
What is the greatest common divisor of 703 and 37?
37
What is the highest common factor of 101 and 909?
101
What is the highest common divisor of 11095 and 140?
35
Calculate the greatest common factor of 27439 and 69.
23
Calculate the greatest common divisor of 259 and 444.
37
What is the greatest common divisor of 832 and 2106?
26
Calculate the highest common divisor of 114 and 9.
3
What is the highest common factor of 1557 and 692?
173
What is the highest common divisor of 54 and 540?
54
Calculate the highest common factor of 1425 and 300.
75
Calculate the greatest common divisor of 188 and 235.
47
What is the highest common factor of 8844 and 198?
66
Calculate the greatest common divisor of 23 and 713.
23
What is the greatest common divisor of 3599 and 122?
61
What is the greatest common factor of 6 and 321?
3
What is the greatest common factor of 810 and 55?
5
Calculate the highest common divisor of 102 and 153.
51
Calculate the highest common factor of 4186 and 78.
26
What is the greatest common divisor of 24 and 300?
12
Calculate the highest common factor of 387 and 215.
43
Calculate the highest common factor of 2604 and 588.
84
What is the greatest common factor of 112 and 140?
28
What is the greatest common factor of 215 and 731?
43
What is the greatest common factor of 4596 and 9?
3
Calculate the greatest common divisor of 72 and 126.
18
What is the highest common factor of 270 and 30?
30
Calculate the highest common factor of 690 and 30.
30
Calculate the greatest common factor of 25 and 145.
5
What is the highest common factor of 120 and 580?
20
What is the greatest common factor of 504 and 9?
9
What is the highest common divisor of 4 and 4?
4
Calculate the greatest common factor of 23 and 2.
1
What is the greatest common factor of 572 and 26?
26
What is the greatest common factor of 54 and 288?
18
What is the highest common factor of 72 and 8?
8
Calculate the greatest common factor of 175 and 125.
25
Calculate the greatest common factor of 2958 and 153.
51
What is the greatest common factor of 140 and 1295?
35
Calculate the highest common factor of 10 and 530.
10
Calculate the greatest common factor of 110 and 385.
55
What is the highest common divisor of 70 and 4410?
70
Calculate the highest common divisor of 2429 and 28.
7
What is the highest common divisor of 12305 and 321?
107
Calculate the highest common divisor of 16 and 1024.
16
What is the highest common factor of 755 and 20?
5
Calculate the greatest common factor of 68 and 4828.
68
Calculate the highest common factor of 2240 and 80.
80
What is the highest common factor of 8723 and 22?
11
Calculate the highest common divisor of 189 and 7.
7
Calculate the greatest common factor of 161 and 1357.
23
Calculate the greatest common factor of 16 and 4944.
16
What is the greatest common divisor of 73 and 657?
73
Calculate the highest common divisor of 1161 and 216.
27
What is the greatest common factor of 2175 and 1725?
75
Calculate the greatest common factor of 533 and 861.
41
Calculate the greatest common factor of 40 and 150.
10
Calculate the greatest common factor of 1545 and 30.
15
What is the highest common factor of 64 and 144?
16
Calculate the highest common factor of 52 and 1300.
52
What is the highest common factor of 608 and 437?
19
Calculate the highest common divisor of 280 and 80.
40
What is the highest common factor of 36 and 252?
36
Calculate the greatest common factor of 84 and 204.
12
What is the highest common divisor of 248 and 31?
31
What is the highest common divisor of 81 and 2889?
27
Calculate the greatest common factor of 280 and 735.
35
Calculate the highest common divisor of 63 and 56.
7
Calculate the highest common factor of 33 and 363.
33
Calculate the greatest common divisor of 56 and 1652.
28
What is the greatest common factor of 27120 and 240?
240
What is the highest common divisor of 34 and 11560?
34
What is the highest common divisor of 979 and 22?
11
Calculate the greatest common divisor of 113 and 339.
113
Calculate the highest common factor of 18 and 282.
6
What is the greatest common factor of 38 and 190?
38
Calculate the greatest common divisor of 627 and 3.
3
Calculate the greatest common divisor of 56 and 24.
8
What is the greatest common factor of 6085 and 5?
5
Calculate the greatest common divisor of 48 and 14712.
24
Calculate the highest common factor of 264 and 704.
88
What is the highest common divisor of 63 and 1071?
63
Calculate the highest common factor of 891 and 54.
27
Calculate the greatest common factor of 172 and 44634.
86
Calculate the greatest common factor of 5 and 15835.
5
What is the greatest common factor of 273 and 637?
91
What is the highest common divisor of 2 and 31?
1
What is the greatest common factor of 4 and 3236?
4
Calculate the highest common factor of 85 and 850.
85
Calculate the greatest common factor of 30 and 90.
30
Calculate the highest common factor of 8 and 21544.
8
Calculate the greatest common factor of 2299 and 38.
19
Calculate the highest common factor of 92 and 32.
4
Calculate the highest common factor of 1586 and 156.
26
Calculate the highest common divisor of 198 and 1155.
33
What is the highest common divisor of 529 and 46?
23
What is the highest common divisor of 68 and 4?
4
Calculate the highest common factor of 76 and 121600.
76
Calculate the greatest common divisor of 372 and 24.
12
Calculate the greatest common divisor of 9 and 12.
3
Calculate the greatest common factor of 5275 and 25.
25
What is the highest common factor of 72 and 6984?
72
What is the greatest common factor of 12 and 7716?
12
What is the highest common divisor of 272 and 3196?
68
Calculate the highest common factor of 24976 and 112.
112
What is the highest common d